5
Let o(l) = l**2 - 58*l + 59. Determine o(55).
-106
Let i(g) = 2*g**3 - 20*g**2 + 21*g - 27. What is i(9)?
0
Let j(r) = -r**3 - 53*r**2 + 1274*r - 296. Determine j(-71).
-12
Let v(y) = y**3 - 8*y**2 - 13. Determine v(6).
-85
Let p(v) = -229*v + 10083. Determine p(44).
7
Let v(a) = -3*a**2 - 51*a - 290. Determine v(-7).
-80
Let r(j) = -j**2 - 227*j - 6571. Calculate r(-193).
-9
Let v(w) = 25*w**2 + 274*w - 20. Calculate v(-11).
-9
Let w(r) = 78*r + 1079. Determine w(-14).
-13
Let b(v) = 8*v**2 + 53*v + 78. Determine b(-4).
-6
Let b(g) = 5*g**2 - 46*g. What is b(4)?
-104
Let a(c) = c**2 + 344*c - 22. Determine a(0).
-22
Let g(f) = 94*f - 127. Determine g(3).
155
Let x(b) = -35*b - 1764. Calculate x(-50).
-14
Let q(f) = f**3 + 28*f**2 + 45*f + 154. Determine q(-25).
904
Let i(z) = -z**2 + 68*z + 251. Give i(70).
111
Let u(a) = -489*a**2 + 1468*a - 6. Determine u(3).
-3
Let m(i) = -45*i + 539. Determine m(10).
89
Let h(k) = -k**2 - 35*k - 147. Determine h(-32).
-51
Let k(y) = -y**2 - 33*y - 217. Give k(-18).
53
Let l(r) = 8*r**2 + 54*r + 52. Calculate l(-5).
-18
Let s(l) = 3*l**3 - 3*l**2 + 3*l + 41. Determine s(0).
41
Let y(g) = -79*g + 271. Calculate y(5).
-124
Let p(j) = j**2 + 167*j - 1215. Determine p(-174).
3
Let x(n) = 27*n**2 - 17. Determine x(2).
91
Let k(t) = -14*t - 691. Give k(-50).
9
Let r(p) = -274*p**2 - 7401*p - 44. Determine r(-27).
37
Let h(y) = -1254*y - 86540. What is h(-69)?
-14
Let q(c) = 12*c**3 + c**2 - c - 14. Determine q(-4).
-762
Let w(s) = -s**3 - 66*s**2 - 26*s - 1710. What is w(-66)?
6
Let d(k) = -k**3 + 9*k**2 + 32*k + 25. Determine d(11).
135
Let x(c) = 4*c**2 - 357*c + 79. What is x(89)?
-10
Let g(a) = -2*a**2 - 26*a + 6. Give g(-8).
86
Let o(b) = b**2 - 622*b - 93. Calculate o(0).
-93
Let s(v) = v**3 - 30*v**2 - 7*v - 28. Give s(0).
-28
Let h(k) = -k**3 + 40*k**2 + 622*k + 100. Calculate h(52).
-4
Let r(j) = -141*j**3 + 2*j**2 - 13*j - 14. Give r(-1).
142
Let g(z) = -35*z + 1830. Determine g(44).
290
Let n(o) = -11*o**2 + 15*o + 3. Determine n(-2).
-71
Let n(j) = -319*j + 1600. Determine n(5).
5
Let a(f) = f**2 + 2447*f - 9804. Determine a(4).
0
Let y(n) = 7*n**3 + 2*n**2 - 10*n - 27. Calculate y(5).
848
Let r(b) = -27*b**2 + 4048*b + 294. Give r(150).
-6
Let t(d) = -d**3 + 4*d**2 + 8*d + 16. What is t(0)?
16
Let a(l) = -l**2 - 152*l + 3254. What is a(19)?
5
Let c(j) = 22*j**2 + 1364*j - 3. What is c(-62)?
-3
Let r(h) = 6*h**2 + 215*h - 29. Give r(-36).
7
Let p(f) = 2*f**3 + 185*f**2 - 447*f + 2666. Calculate p(-95).
6
Let a(q) = q**2 - 90*q + 1404. Determine a(20).
4
Let v(p) = p**2 + 157*p - 9345. Give v(46).
-7
Let m(i) = -6*i + 77. Give m(-6).
113
Let d(j) = -j**2 + 67*j - 543. Calculate d(9).
-21
Let d(p) = p**3 + 22*p**2 + p + 195. What is d(-22)?
173
Let l(y) = 2*y**2 - 18*y - 3. Calculate l(10).
17
Let i(v) = v**3 - 7*v**2 - 4*v - 28. What is i(9)?
98
Let z(h) = 154*h**2 - 23*h - 23. Give z(-1).
154
Let r(i) = -11*i**2 - 6*i + 11. What is r(3)?
-106
Let t(v) = 22*v - 298. Give t(14).
10
Let q(h) = -272*h + 1623. Give q(6).
-9
Let w(f) = 11*f + 111. Calculate w(-9).
12
Let j(f) = f**3 + 107*f**2 + 414*f + 196. Determine j(-103).
-10
Let y(m) = -m**3 - m**2 - 2*m + 164. What is y(0)?
164
Let h(w) = 45*w + 498. Give h(-14).
-132
Let f(q) = -24*q**2 + 9*q + 9. Calculate f(-1).
-24
Let d(w) = -22226*w - 200037. Calculate d(-9).
-3
Let c(k) = -k**3 - 42*k**2 - 8*k + 70. Calculate c(-42).
406
Let a(g) = -198*g - 36033. Calculate a(-182).
3
Let j(f) = f**3 + 10*f**2 - 41*f - 25. Give j(-13).
1
Let v(y) = -y**3 + 18*y**2 + 38*y + 524. What is v(21)?
-1
Let v(x) = -75*x - 224. Calculate v(-3).
1
Let h(l) = -3*l**3 - l**2 - 5*l - 252. Give h(0).
-252
Let h(a) = 26*a**3 + 8*a**2 + 4*a + 4. Give h(-1).
-18
Let s(v) = 3*v**3 - 158*v**2 - 62*v + 473. Give s(53).
-4
Let a(f) = 7*f**2 + 204*f + 2. What is a(0)?
2
Let h(z) = 3*z**2 - 87*z - 82. Determine h(30).
8
Let c(h) = -3*h**2 - 9. Give c(3).
-36
Let a(z) = -49*z + 4249. Give a(91).
-210
Let v(u) = 8*u + 108. Determine v(-13).
4
Let v(w) = w**2 + 101*w + 1313. Determine v(-77).
-535
Let c(u) = -31*u - 702. What is c(-23)?
11
Let g(h) = 97*h - 910. Determine g(10).
60
Let f(u) = -u**3 - 26*u**2 + 14*u + 327. Determine f(-26).
-37
Let v(l) = 8*l + 135. Calculate v(-12).
39
Let v(z) = 100*z**2 - 2207*z + 144. What is v(22)?
-10
Let f(d) = 317*d + 1079. What is f(-4)?
-189
Let z(j) = j**2 - 255*j - 1315. Give z(-5).
-15
Let r(o) = o**3 - 13*o**2 + 6*o + 8. Determine r(6).
-208
Let v(a) = -a**2 - 27*a + 182. What is v(-35)?
-98
Let d(l) = -l**3 - 8*l**2 + 161*l + 1271. Give d(-9).
-97
Let o(g) = -g**3 + 88*g**2 - 110*g + 2007. What is o(87)?
6
Let f(g) = 4*g**2 - 41*g - 11. Calculate f(10).
-21
Let t(m) = 2*m**3 + 119*m + 16. What is t(0)?
16
Let b(w) = -54*w - 274. Determine b(-6).
50
Let v(k) = -k**3 - 16*k**2 + 118*k + 86. Calculate v(6).
2
Let t(g) = -6*g**2 - 30*g - 124. Give t(-5).
-124
Let t(f) = -f**3 + 19*f**2 + 12*f - 230. What is t(19)?
-2
Let b(t) = 5902*t + 100330. What is b(-17)?
-4
Let s(z) = 14535*z - 218030. What is s(15)?
-5
Let h(b) = -78*b + 11136. Determine h(143).
-18
Let m(j) = -j**2 - 132*j - 3024. Determine m(-28).
-112
Let f(z) = -z**2 - 100*z + 631. What is f(6)?
-5
Let q(h) = -210*h + 11101. Determine q(53).
-29
Let z(i) = -17*i - 446. Give z(-34).
132
Let o(d) = -20*d + 462. Give o(11).
242
Let z(t) = -8*t**2 - 1253*t + 1733. What is z(-158)?
-5
Let k(f) = 39*f + 483. Give k(-13).
-24
Let a(t) = -97*t**2 - 495*t - 16. Calculate a(-5).
34
Let a(z) = z**3 - 10*z**2 + 21*z - 84. Determine a(9).
24
Let g(p) = 12*p**3 + 17*p**2 - 2*p - 63. Calculate g(-2).
-87
Let t(x) = x**3 - 6*x**2 + 23*x - 58. Determine t(8).
254
Let m(g) = -2*g**3 + 9*g**2 - 36*g + 136. Give m(4).
8
Let w(i) = 4*i**2 + 421*i + 1315. Give w(-102).
-11
Let i(m) = -m**2 + 72*m - 591. Determine i(63).
-24
Let u(r) = 3*r**3 - r**2 - 5*r + 9. Calculate u(3).
66
Let y(p) = -6227*p + 6234. Calculate y(1).
7
Let o(x) = x**3 - 20*x**2 + 31*x + 511. Calculate o(-4).
3
Let s(r) = -25*r**2 + 9*r - 21. Give s(3).
-219
Let l(h) = h**3 + 14*h**2 + 12*h - 21. Give l(-13).
-8
Let x(f) = f**3 - 21*f**2 - 20*f + 423. Give x(21).
3
Let w(c) = 2477*c + 14816. Give w(-6).
-46
Let o(p) = 231*p - 3001. Determine o(13).
2
Let q(h) = -7*h**2 + 13*h - 17. Determine q(2).
-19
Let u(g) = -2*g**2 + 55*g + 3551. What is u(58)?
13
Let l(t) = 6*t + 72. Give l(-11).
6
Let p(v) = 74*v - 2279. Determine p(25).
-429
Let q(f) = 1301*f - 6512. What is q(5)?
-7
Let m(s) = s**3 + 151*s**2 + 146*s - 522. Give m(-150).
78
Let o(i) = -2*i**2 + 30*i - 23. Determine o(4).
65
Let q(s) = -s**2 - 37*s + 305. Calculate q(-43).
47
Let k(w) = 3505*w - 234843. Give k(67).
-8
Let w(g) = 131*g**3 + 2*g**2 + 7*g + 4. Determine w(-1).
-132
Let y(a) = a**3 - 96*a**2 + 462*a - 35. Determine y(5).
0
Let o(b) = -b**3 - 6*b**2 + 15*b - 26. Determine o(-10).
224
Let n(q) = -8*q**3 - 11*q**2 + q. Determine n(-1).
-4
Let q(g) = -3*g**3 - 16*g**2 - 16*g + 25. Determine q(-6).
193
Let n(j) = 4*j + 146. What is n(-25)?
46
Let t(q) = -q**2 - 54*q + 931. Determine t(-68).
-21
Let s(m) = -m**3 - 17*m**2 + 126*m - 10. What is s(6)?
-82
Let h(a) = 3*a**3 - 5*a**2 - 30*a + 146. Give h(5).
246
Let y(s) = 12*s**2 + 491*s - 32. Give y(-41).
9
Let u(g) = -138*g - 10930. Calculate u(-79).
-28
Let x(y) = y**3 - 79*y**2 - 791*y - 109. Give x(88).
-21
Let v(w) = w**2 + 16*w - 383. Give v(-26).
-123
Let c(p) = -p**2 - 13*p - 17. Determine c(-15).
-47
Let y(j) = 68*j**2 - 5*j + 17. Determine y(2).
279
Let k(b) = b**2 - 30*b + 233. What is k(26)?
129
Let h(o) = -o**2 + 219*o + 4262. Give h(-18).
-4
Let r(n) = -n**2 + 10*n + 343. Give r(24).
7
Let z(d) = -156*d + 348. What is z(2)?
36
Let b(j) = -j**2 - 130*j + 19480. Determine b(-219).
-11
Let k(o) = -2*o**2 - 57*o + 45. What is k(-26)?
175
Let b(q) = -27*q + 807. Calculate b(29).
24
Let f(i) = -553*i + 3319. Give f(6).
1
Let j(h) = -382*h - 729. Give j(-2).
35
Let s(i) = -7*i**2 + 203*i - 1327. Determine s(18).
59
Let j(z) = 12938*z - 51761. Calculate j(4).
-9
Let n(t) = 1387*t - 4143. Calculate n(3).
18
Let d(j) = 67*j + 281. Calculate d(-4).
13
Let s(t) = -68*t - 1927. Give s(-27).
-91
Let w(j) = -541*j + 1119. Determine w(2).
37
Let k(d) = -36*d + 457. Give k(13).
-11
Let d(h) = 3*h**2 + 408*h + 1590. C